x?
5
Let q = 10203 - 5595. Suppose 4184 + q = 8*z. What is the thousands digit of z?
1
Suppose 3*t - 64 = -a - 125, 3*t - a + 71 = 0. Let o(z) = 63*z. Let p be o(2). Let y = p + t. What is the hundreds digit of y?
1
Let x = 12764 - 4602. Suppose 20*b = -2*b + x. What is the tens digit of b?
7
Suppose 3*r + 7 = -77. Let t be 1/((-5)/(-602)) - r/(-70). Suppose w + 25 = t. What is the tens digit of w?
9
Let h(k) be the first derivative of k**3/3 + 6*k**2 + 14*k + 8. Suppose -c - t = 12 + 9, c + 2*t + 25 = 0. What is the tens digit of h(c)?
9
Suppose 2*m + 23 = 5*q, -4*q = -m - 18 + 2. Let r = m - 31. Let c = r + 293. What is the units digit of c?
8
Let z be 1 + (-14)/(-8) + (-160)/(-128). Suppose z*u - 241 = 315. What is the hundreds digit of u?
1
Let j = 6513 - -937. What is the thousands digit of j?
7
Suppose 20 = w - 54. Let i(l) = -2 - 7 + 1 - w*l + 6. What is the tens digit of i(-1)?
7
Let d be ((-168)/16)/((-18)/12). Suppose -4*r + d*r = 2*z + 3209, 4*z = r - 1053. What is the units digit of r?
3
Let c = 5522 - 3746. What is the units digit of c?
6
Let f be ((-70)/8)/(((-42)/120)/(-7)). Let q be 1776/(-14) + (-9)/63. Let v = q - f. What is the tens digit of v?
4
Let b(f) = 293*f**3 + 9*f**2 - 4*f. What is the thousands digit of b(2)?
2
Suppose h = -4*w + 90151, -w + 16965 + 5550 = -3*h. What is the tens digit of w?
3
Suppose -2*g - 916 = -3*z, -30*z + 33*z = 0. Let q = g + 679. What is the units digit of q?
1
Suppose 707 = 26*u + 161. What is the thousands digit of ((-4)/(-1) - -1235) + u/(-7)?
1
Let m(k) = 3*k**2 - 195*k - 73. What is the tens digit of m(-34)?
2
Let k(v) = -437 - 230 - 56*v + 888. What is the hundreds digit of k(-11)?
8
Suppose -47*t + 1377 = -50*t. Let z = t - -741. What is the hundreds digit of z?
2
Let l = -26189 + 40161. What is the hundreds digit of l?
9
Let p = -46 + 50. Suppose -71 - 125 = -p*i. Suppose -s + i = -2*o + 11, 4*s - 2*o - 158 = 0. What is the units digit of s?
0
Let o(a) = 3*a**2 - 7*a - 10. Let u be o(14). Let i = u - -28. What is the units digit of i?
8
Suppose 0 = -2*c + 8*l + 10952, -c = 2*c - l - 16395. What is the units digit of c?
4
Suppose 0*r = -4*r + 4*w + 72, 3*r + 4*w = 89. Suppose 0 = -r*q + 6*q + 2584. What is the tens digit of q?
5
Suppose 0 = 7*r - 12 + 96. Let f = 88 - 25. Let w = f + r. What is the tens digit of w?
5
Suppose 0*y + 356 = 4*y + 2*n, 0 = 3*y - 2*n - 281. Suppose -g + 323 = i, -i - 3*g + y = -226. What is the hundreds digit of i?
3
Let l = 21736 - 11912. What is the thousands digit of l?
9
Suppose 36525 = t + 4*z, -5*z = 229*t - 228*t - 36533. What is the units digit of t?
3
Let n(g) = -149*g + 93. Let i be n(12). Let y = i - -2908. What is the hundreds digit of y?
2
Let c(q) be the third derivative of -q**6/120 - 3*q**5/20 - 3*q**4/8 - 5*q**3/6 + 18*q**2. Let b be c(-8). What is the tens digit of ((-4)/b)/((-28)/2562)?
2
Suppose 112*g - 457850 = 550779 + 16507. What is the tens digit of g?
5
Let t be (-88)/12*-3 + 2. Let f be (-314)/(-8) + (-2)/t*3. Suppose m = 3*o + f + 21, 2*o - 184 = -4*m. What is the tens digit of m?
4
Let m = -37 - -40. Suppose 2*o = x + 21, -m*o = 5*x - 2*o + 105. Let w(l) = -2*l - 3. What is the tens digit of w(x)?
3
Let a(g) = g**3 + 37*g**2 + 39*g + 17. What is the hundreds digit of a(-11)?
7
Let m = 3630 - 3432. What is the tens digit of m?
9
Let r(p) = -11*p**2 + 177*p**3 + 3*p + 13 - 14*p - 173*p**3. What is the hundreds digit of r(8)?
2
Let j be 2/(-5) - 272/(-80). Let m(b) = -b**2 + 8*b - 5. Let q be m(j). Suppose 14 + 46 = q*w. What is the units digit of w?
6
Suppose 33*y = 358 + 269. Let g = 566 + y. What is the tens digit of g?
8
Let j(q) = -q**2 - 16*q + 24. Let l be j(-11). Let h = 138 - l. Let x = h + -57. What is the units digit of x?
2
Let k = -49347 + 82260. What is the tens digit of k?
1
Let w(s) = -2*s**2 + 16*s + 20. Let a be w(9). What is the units digit of 12*(11/(-3))/(a/(-16))?
2
Let u be 2091/(8/(80/15)*1). Let d = u - 903. What is the units digit of d?
1
Let a be (-16)/56 + 2 + 16/7. Suppose a*n = z + 2480, 0*n = 2*n + 5*z - 1262. What is the tens digit of n?
2
Suppose -x + 71 = -15. Let s(p) = -p**2 + 13*p + 23. Let c be s(17). Let n = x + c. What is the tens digit of n?
4
Let f be (-4 + 559)/(2 - (-5)/(-4)). Suppose 396*p = 392*p + f. What is the tens digit of p?
8
Suppose -4415 = -41*i + 3047. What is the tens digit of i?
8
Suppose -51*c + 20249 = -50*c + 4*m, c = -3*m + 20249. What is the thousands digit of c?
0
Suppose -12*d + 5*d = -45144 - 26228. What is the units digit of d?
6
Let r(p) = 1311*p - 2910. What is the thousands digit of r(14)?
5
Let f(u) = 763*u - 8413. What is the tens digit of f(16)?
9
Suppose -5*s = -0*s. Suppose s*p = p - i - 14, 3*i + 6 = -p. Let r(t) = t**2 - t + 2. What is the units digit of r(p)?
4
Suppose 0 = -2*a - 5*z + 62, -a + 3*a - 64 = -4*z. Suppose -13*l + a = -55. Suppose 0 = l*f - 66 - 284. What is the units digit of f?
0
Let u(v) = -79*v - 167. Let z be u(-19). Suppose 5*x - 3*l + 1992 = 8*x, 2*x - z = -5*l. What is the tens digit of x?
6
Suppose -45*k = -58*k - 4563. Let w be (-29*19/(-3))/(7/21). Let d = k + w. What is the hundreds digit of d?
2
Suppose -18562 = -2*t - 31*h + 29*h, 27843 = 3*t - h. What is the hundreds digit of t?
2
Let i(a) = 2*a**2 - 13*a. Let g = -48 - -65. Let b be i(g). Suppose 3*r - 197 - b = z, -4*z + 163 = r. What is the hundreds digit of r?
1
Suppose -9*c + 1185 + 4278 = 0. Suppose 2*q = 5*y + 266, 3*q - 8*q - 2*y + c = 0. What is the tens digit of q?
2
Let m be (-1 + -1093)*1/(-2). Let j = -289 + m. What is the hundreds digit of j?
2
Suppose 7*v - 403 = 2*v + 3*x, 4*v = -x + 336. Let o = -63 + v. Suppose 69*b + o = 70*b. What is the tens digit of b?
2
Let t(x) = 3*x**3 - 24*x**2 - 48*x - 84. What is the hundreds digit of t(21)?
1
Let x(t) = 0*t**3 + 39 - 48 + 4*t**3 + 15*t - 2*t**3 - 51 - 17*t**2. What is the hundreds digit of x(12)?
1
Suppose 38*m - 34*m = 120. Suppose -m = 19*a - 14*a. What is the units digit of ((-508)/(-6))/((-4)/a)?
7
Let c(l) be the first derivative of -l**4/4 - 26*l**3/3 + 12*l**2 - 44*l + 24. What is the units digit of c(-27)?
7
Suppose 28435 = 5*o + 16*b - 13*b, 2*b = 2*o - 11374. What is the tens digit of o?
8
Suppose 2*s - 4*s + 31 = 5*b, -9 = -3*s + 5*b. Let c(j) = 7*j + 0 + 1 + s + 11*j**2. What is the hundreds digit of c(-5)?
2
Let z = 191579 + -130405. What is the units digit of z?
4
Suppose -h + 5*d = -0*d - 209, 583 = 3*h - 4*d. What is the units digit of ((-3)/(18/(-236)))/(18/h)?
3
Suppose 19*b - 4*b + 300 = 0. Let g(i) = i**2 + 20*i - 2. Let c be g(b). Let x(s) = -18*s - 12. What is the units digit of x(c)?
4
Let o = 211 + -203. What is the units digit of (10 + -5 + -179)/((-6)/o)?
2
Let x(a) = 193*a + 878. What is the thousands digit of x(32)?
7
Suppose 719872 = 32*g + 44*g. What is the units digit of g?
2
Suppose a = 5*o + 459, 4*o + 43 = a - 417. Let s = a + -39. What is the tens digit of s?
2
Suppose 18 = 3*j + 3*c, 5*c + 63 - 16 = 2*j. Suppose -598 = -5*m + w, -4 = 5*w + j. What is the tens digit of m?
1
Let w(i) = 24*i**2 + 3*i - 3. Let d be w(-3). Suppose 3*v - 12 - 25 = -r, -v + 3 = -2*r. Let y = d + v. What is the tens digit of y?
1
Let u(y) = -2*y + 21. Let d be u(9). Suppose 5*m = -d*m + 4*m. Suppose m = -0*n + 5*n - 535. What is the hundreds digit of n?
1
Let q(m) = -203*m + 23. Let t(l) = 4*l + 20. Let o be t(-6). What is the units digit of q(o)?
5
Let s = 22789 - 12600. What is the ten thousands digit of s?
1
Suppose -5*x + 380 = -5*t, 3*x - 2*x - 56 = 5*t. Let a = -143 + x. Let n = a - -172. What is the units digit of n?
0
Let g be (-12)/(-30) + 3/(15/7783). Suppose -g = -4*f + 747. What is the hundreds digit of f?
5
Suppose -43*c + t = -44*c + 41222, -5*c - 3*t + 206098 = 0. What is the thousands digit of c?
1
Suppose -j = 3*c - 200 + 37, c - 3*j - 71 = 0. What is the units digit of (c/(-12) - -3)*-18?
0
What is the units digit of 45502 + 3 + 87/957 + 68/(-22)?
2
Let c(l) = -4*l**2 - 22*l + 10. Let i be c(-6). Let x(s) = -48*s**3 - 3*s**2 - 7*s - 10. What is the units digit of x(i)?
6
Let h = -253 + 160. Let r = h - -96. Suppose c - 36 = 4*m - 0*m, 4*m = r*c - 132. What is the units digit of c?
8
Suppose -2*v = 81*m - 79*m - 8020, 20070 = 5*v + m. What is the thousands digit of v?
4
Suppose -f - 2*p